5 - 122. What are the prime factors of d?
103
Suppose -4*h + 44 = 4. Let q = 12 + h. What are the prime factors of q?
2, 11
Suppose -8 + 2 = -2*h. Let y(n) = -n**2 - n + 5 + n - 3 - n**h. What are the prime factors of y(0)?
2
Suppose 5*l - 8 = l. Suppose 4*u = -4, -u - 37 = l*g - 6*g. What are the prime factors of g?
3
Let h = 47 + -28. List the prime factors of h.
19
Suppose -4*j - 5*f + 552 = -f, 5*j = 3*f + 682. Suppose -99 - 5 = -2*d + 3*x, 3*d = -5*x + j. List the prime factors of d.
7
Let i(o) = -4*o**2 + o + 1. Let u be i(-1). Let x be (24/9)/(u/(-6)). Suppose -x = y - 3*y. List the prime factors of y.
2
Let c = 5 + -2. Suppose -2*a + 5*a - 42 = -c*h, -4*h = -5*a + 52. Let u = a + -1. What are the prime factors of u?
11
Let q = 250 - 179. What are the prime factors of q?
71
What are the prime factors of ((-20)/(-6) + 6 + -7)*12?
2, 7
Let s(j) = j**3 - j**2 - 3*j - 4. Let y be s(3). Let q = y - -5. List the prime factors of q.
2, 5
Suppose -11*p = -9*p. Suppose p = 5*j - 3*r - 177, 4 = r - 2*r. What are the prime factors of j?
3, 11
Let v(y) = 2*y**3 - 2*y**2 - 2*y - 1. Let c be v(-1). Let a = c - -5. Suppose 15 = -d + 5*j, -8*d + 40 = -3*d - a*j. What are the prime factors of d?
2, 5
Suppose -2*i = -7*w + 4*w + 17, 2*w - i - 12 = 0. Let x(o) = -3 - 5*o - 4 + 2 + o**2. What are the prime factors of x(w)?
3
Let j = -9 - -14. What are the prime factors of j?
5
Suppose 16 = -4*p + 3*p - 4*d, 0 = 2*p - 5*d - 20. Suppose 4*q - 7 - 1 = p. Suppose 0 = 4*f - q*n - 38, -4*n = -2*f + 18 + 10. What are the prime factors of f?
2
Suppose 86 = w + m, 88 = w - 0*w + 2*m. Suppose -20 = -a - 3*s, -3*a - s - w = -8*a. List the prime factors of a.
17
Let a be (-1 + 1)*(-4 - -3). Suppose a = -4*q - 0*q + 188. What are the prime factors of q?
47
Let a(t) = t**3 + t**2 + t - 8. What are the prime factors of a(4)?
2, 19
Suppose 5*z + 1015 = 12*z. What are the prime factors of z?
5, 29
Suppose 2*y - 3*m - 38 = -m, -53 = -3*y + 5*m. List the prime factors of y.
3, 7
Let t(o) = o + 5. Let x be t(-3). Suppose 2*v = -x*f - 0*f + 48, 0 = 5*v + f - 116. List the prime factors of v.
23
What are the prime factors of 13 - -6 - (-2 + 0)?
3, 7
Let u(o) = 2*o - 2. Let g be u(2). Suppose 0 = 3*l, -g*l + 7*l - 40 = -4*x. List the prime factors of x.
2, 5
Let d be (-16)/20*(-45)/(-6). Let w(a) = a + 14. List the prime factors of w(d).
2
Suppose 5*p + s - 12 = 0, -2*s = 2*s - 8. Suppose 5*o - h = -13, -o - 21 = p*o - 5*h. Let b(z) = z**2 - 1. List the prime factors of b(o).
3
Let h(d) = 12 - 3*d**2 + 3*d**2 + 9*d - d**2. What are the prime factors of h(10)?
2
Let s(a) = a**3 + 8*a**2 - a - 1. Suppose -g - 32 = 4*f - 3*g, 5*g = -4*f - 32. What are the prime factors of s(f)?
7
What are the prime factors of (-2 - -51) + (-4 - -1)?
2, 23
Suppose -4*w - 16 = 0, 4*w + 3 = -3*f + w. Suppose -9 + 75 = f*n. What are the prime factors of n?
2, 11
Let i = -33 + 67. What are the prime factors of i?
2, 17
Suppose 2*m = -w - 27, -3*m - w - 29 = 9. Suppose 0*f - 2*f + 32 = 0. Let v = f + m. List the prime factors of v.
5
Suppose -4*u - 2*l - 6 = 0, u - 3*l - 5 = 3*u. Let z(n) = 88*n. Let y be z(u). What are the prime factors of 4/(-14) + y/(-14)?
2, 3
Suppose 1243 = 6*u - 695. What are the prime factors of u?
17, 19
Suppose 2*z + 78 = 6*z + 2*a, 3*a = 2*z - 51. What are the prime factors of z?
3, 7
Let l(z) = -2*z + 3. Let g(s) = -s**3 - 7*s**2 + 7*s - 11. Suppose 3*t - 40 = 8*t. Let k be g(t). What are the prime factors of l(k)?
3
Suppose 25 = 2*c + 3*a, 3*c + a + 2*a = 30. Let b = c - -17. List the prime factors of b.
2, 11
Let g = 8 + 11. List the prime factors of g.
19
What are the prime factors of (-92)/(-8)*3/((-6)/(-4))?
23
Let z(t) be the second derivative of -t**3 - 3*t**2 + t. List the prime factors of z(-3).
2, 3
Suppose 2*k = i + 169, 3*i + 87 = k + 5*i. List the prime factors of k.
5, 17
Suppose -18 - 12 = -3*h. Let i = 2 + h. List the prime factors of i.
2, 3
Suppose 0 = 3*h - l - 10, -10 = -4*h - 5*l - 3. Suppose 0 = 3*f - w + 1, -3*f + 0*f - 3*w = -h. Suppose 3*m + m - 32 = f. List the prime factors of m.
2
Let y = 8 + -4. Suppose 3*s = -0*p - y*p + 68, 0 = -3*p - 4*s + 58. What are the prime factors of p?
2, 7
Let q(h) = -h**2 - 18*h - 17. What are the prime factors of q(-11)?
2, 3, 5
Let q = 1 + 12. Suppose -3*v + 14 + q = 0. List the prime factors of v.
3
Suppose -3*g = -4*g. Suppose -3*i + c + 3*c + 95 = 0, -5*c + 5 = g. What are the prime factors of i?
3, 11
Let w be 20/(-15) + 4/(-6). List the prime factors of w*(2 + -1) + 15.
13
What are the prime factors of (1 + -8)*(-21 + 16)?
5, 7
Suppose 3*y - y - 128 = 0. List the prime factors of y.
2
Let c(r) = 0*r**2 - 1 + 0*r**2 + r**2. Let m be c(1). Suppose 0 = -m*o + 2*o - 14. List the prime factors of o.
7
Suppose 0 = x + 4 - 2. List the prime factors of 14*1*(-2)/x.
2, 7
Let n = -4 + 9. Suppose n*x + 13 = -2*m - 19, x + 22 = -3*m. What are the prime factors of m/18 - (-20)/6?
3
Suppose 5 = -3*p + 20, -3*p - 106 = -v. List the prime factors of v.
11
Let s(z) = -z + 22. Let m be s(18). Let t(u) = -u + 7. Let h be t(5). Suppose -h*i - 3*p = -m, 4*i = i - 4*p + 7. What are the prime factors of i?
5
Suppose -1150 = -105*r + 100*r. What are the prime factors of r?
2, 5, 23
Let q(i) be the second derivative of i**4/6 - i**3/2 + i**2/2 + 4*i. Suppose -a + 9 = 2*a. What are the prime factors of q(a)?
2, 5
Let a(d) = -3*d. Let u be a(-1). Suppose 8 = 2*p - 4*p, -u*b + 5*p = -29. What are the prime factors of 0 + b - (-14 - 0)?
17
Suppose b - n = 5*b - 6, 4*n + 10 = b. List the prime factors of (b - -2) + 3 + 0.
7
Let m(u) = -u + 4. Let l be m(6). What are the prime factors of (-273)/(-6) + 1/l?
3, 5
Let b(d) = -d + 2. Let o be b(-3). Let p = o + -1. What are the prime factors of p?
2
Let a(p) = 0*p - p + 2*p + 11. Suppose -4*u + 0*u - 28 = 0. What are the prime factors of a(u)?
2
Let g(r) = -1. Let d(i) = -24*i + 3. Let n(b) = d(b) + 4*g(b). What are the prime factors of n(-1)?
23
Let r(l) = 42*l**3 - 3*l**2 + l + 1. List the prime factors of r(1).
41
Let a(d) = d**3 - 3*d**2 - 10*d + 19. List the prime factors of a(8).
7, 37
Suppose 0 = 3*v + 78 - 591. Suppose 4*u + 3*d = u + 261, -2*u + v = d. Suppose 2*a - l = 44, 4*a + l + 8 - u = 0. List the prime factors of a.
2, 5
List the prime factors of (-12)/10*(-150)/20.
3
Suppose 5*j - 2*v - 56 = 0, -4*j + 2 + 29 = 3*v. Let l = 4 - j. List the prime factors of l/(-15) - (-96)/10.
2, 5
Suppose s + 4*s = 135. Suppose 3*o - 34 = -5*u, -2*o = u - s + 9. Let n = o + -5. List the prime factors of n.
3
Suppose 0 = -0*g + 2*g - 42. Let z = 37 - g. Let a = z + -4. What are the prime factors of a?
2, 3
Suppose 3*l = -0*l - 66. Let o = l + 45. List the prime factors of o.
23
Let u(b) = -b**2 + 9*b + 13. Let z be u(10). What are the prime factors of (-1 - (z + -4)) + 5?
5
Let b be (-2)/4*(1 - 5). Let f be b - ((2 - -4) + -2). What are the prime factors of -3 - f - (-2 + -7)?
2
Suppose -9 = -i + 3. What are the prime factors of i?
2, 3
Let p(b) = -2*b**2 - 8*b + 5. Let d be p(-6). Suppose -5*w - 3 = -x + 4, -2*x - 4*w - 42 = 0. Let g = x - d. What are the prime factors of g?
2, 3
Suppose -2*r = -3*r + 39. What are the prime factors of r?
3, 13
Suppose x + 12 = 3. Let z = 29 + -14. Let y = z + x. List the prime factors of y.
2, 3
Let g(p) = 1. Let r(q) = -3*q - 4. Let h = 7 + -11. Let z(w) = h*g(w) + r(w). List the prime factors of z(-6).
2, 5
Let a(w) = 2*w + 3. Let z be a(-2). List the prime factors of (-9*1 - z)*-1.
2
Let s(f) = -f + 7. Let g = 20 + -14. Let l(r) = -3*r + 13. Let i(q) = g*l(q) - 11*s(q). List the prime factors of i(-1).
2
Let t(u) = 1. Let f(k) = k + 2. Let w(i) = f(i) - 2*t(i). Let c(h) = -7*h + 9. Let d(b) = c(b) + 6*w(b). List the prime factors of d(7).
2
Suppose -4*r = -3*r - 4. Suppose 5 = -2*n + 3*i - 7, 0 = -2*n - i - r. List the prime factors of 2/2 - (n - -2).
2
Let p = -13 + 7. Let n = 18 + p. List the prime factors of n.
2, 3
Let d = -59 + 85. What are the prime factors of d?
2, 13
Let u = 10 - 14. Let f be (u/(-12))/((-1)/(-9)). Suppose -f*h - 1 = o + 3, 0 = o + 4*h + 7. List the prime factors of o.
5
Let z(j) = 4*j - 10. List the prime factors of z(10).
2, 3, 5
Let g = -4 - -169. What are the prime factors of g?
3, 5, 11
Suppose 2*a = 3*f - 8, 6*a + f - 12 = 2*a